mainder when o is divided by b?
3
Let r(i) = 5*i + 11. Let o be r(0). Let u = o - -26. Calculate the remainder when 183 is divided by u.
35
Let f(b) = 4*b**2 + 4*b - 7. Let s be f(5). What is the remainder when 237 is divided by -2*(-34)/4 - (-339)/s?
17
Suppose -7*p = -127 + 36. Let b = p - -13. Calculate the remainder when 128 is divided by b.
24
Suppose 5*w - 35 = 5*i, -w + 0*i - i + 3 = 0. Suppose -3*q + q = -w*t - 11, 2*q - 9 = 3*t. Calculate the remainder when 4 is divided by q.
1
Let n(m) = m**2 + 6*m + 4. Let k be n(-6). Let q = k + -2. Suppose 0 = 5*d - 2*i - 43, 5*i = -d + 4*i + 3. Calculate the remainder when d is divided by q.
1
Let a(t) = 124*t - 6. Suppose 7*y - 11*y + 12 = 0. Let m be a(y). Suppose 5*f - 2*s - m = -5*s, -3*s = -f + 66. Calculate the remainder when f is divided by 25.
22
Suppose -3*y = -3*n - 6, 3*y + 0*n - 1 = -2*n. Let q = 32 - y. Calculate the remainder when 90 is divided by q.
28
Let o(b) = 19*b**2 - 1. Let t be o(1). Let r = -9 - -16. Calculate the remainder when 24/t*15/2 is divided by r.
3
Let r = -132 - -141. What is the remainder when 330 is divided by r?
6
Suppose -59*f = -64*f + 390. Calculate the remainder when f is divided by 37.
4
Let s(r) = r**2 - 24*r - 11. Calculate the remainder when s(26) is divided by 23.
18
Suppose 0 = 3*t - 5*c - 60, t + 0 = 3*c + 16. Calculate the remainder when 98 is divided by t.
23
Suppose 74 = 2*r + 30. Calculate the remainder when 82 is divided by r.
16
Suppose -2*z - 8 = 0, 2*s + 3*s - 3*z - 127 = 0. What is the remainder when 275 is divided by s?
22
Let a = 132 + -100. Calculate the remainder when 221 is divided by a.
29
Let c(p) = p**2 + 3*p - 2. Let v be 80/(-48) - ((-2)/3 - 0). Calculate the remainder when -1*(-1 + 3 + v)*-29 is divided by c(-6).
13
Let v = 204 + -104. Suppose 4*b - c = 70, 4*c + c + 10 = 0. Calculate the remainder when v is divided by b.
15
Suppose -1320*l + 1307*l + 117 = 0. What is the remainder when 2681 is divided by l?
8
Suppose 3*y + 1 = u, -u + 5*y = -2*u + 33. What is the remainder when 270 is divided by u?
10
Let p(n) = n**3 + 7*n**2 - 3*n + 34. Let m be p(-8). Calculate the remainder when 35 is divided by (57/m)/(3 + (-35)/10).
16
Suppose 2 = -4*d - 6, 0 = -3*o + 4*d + 410. Let m(u) = -3*u + 1. What is the remainder when o is divided by m(-11)?
32
Suppose -s - 1069 = -5*z - 2*s, 2*z + 2*s - 426 = 0. Calculate the remainder when z is divided by 55.
49
Suppose -60 = -4*q + 2*q. Suppose 5*r = -2*s + 49, 3*r = 5*s + 18 + q. Let j(m) = -15*m + 101. What is the remainder when j(4) is divided by r?
8
Let u = -5 + 7. Let v = 35 - u. What is the remainder when v is divided by (-111 + 3)/(-2)*1/3?
15
Suppose -45 = -44*l + 29*l. Calculate the remainder when l is divided by 3.
0
Suppose 2*y - 30 = -i, -3*i - 9*y + 35 = -14*y. Let t = -231 + 430. What is the remainder when t is divided by i?
19
Suppose 0 = -2*l - g + 34 + 30, -4*l + g = -134. Let f(w) = -w**2 + 20. Let d be f(0). Let j = d + -11. Calculate the remainder when l is divided by j.
6
Suppose -5431 - 4019 = -18*p. What is the remainder when p is divided by 12?
9
Suppose 0 = 4*b + 3*h - 0*h - 26, -2*b + 5*h + 26 = 0. Calculate the remainder when 1007 is divided by b.
7
Suppose 0 = g - 2*l - 19, -4*g + 4*l = 7*l - 54. What is the remainder when 93 is divided by g?
3
Let s = -15 + 11. What is the remainder when 24 is divided by 2 - s/8*1*10?
3
Suppose -7*d + y = -3*d - 17, 19 = 5*d + y. Suppose -5*z = -21 - d. What is the remainder when (-2*z)/(2/(-3)) is divided by 9?
6
Let d(g) = -4*g - 17. Calculate the remainder when 122 is divided by d(-6).
3
Let c = -234 + 249. Suppose 5*k - 113 = -3*v, -v + 3*k + 47 = -0*k. What is the remainder when v is divided by c?
11
Suppose 2*y + 52 + 42 = 3*i, 0 = i - 2*y - 30. Calculate the remainder when i is divided by 12.
8
What is the remainder when 27 is divided by 6*((-96)/18 - -7)?
7
Let c(d) = -d**3 + 6*d**2 + 8*d - 3. Let a be c(7). Suppose -a*n = -6*n + 2*x + 50, 0 = -3*n + 5*x + 73. What is the remainder when n is divided by 3?
2
Suppose u + 4*h = -u - 20, 5*u = -5*h - 40. What is the remainder when 23 is divided by ((-3)/(-2))/(u/(-16))?
3
Let n = 189 - 179. Calculate the remainder when 20 is divided by n.
0
Suppose -r - 24 = 3*l, -r + 20 = -5*l + 4*r. Let q(v) = -2*v + 7. Calculate the remainder when q(l) is divided by 12.
9
Let i(n) = 2*n**2 - 2*n - 2. Let g be i(2). Calculate the remainder when (-4)/(16/(-12)) + g*32 is divided by 23.
21
Let l = -546 + 689. Calculate the remainder when l is divided by 48.
47
Suppose 39 - 9 = t - b, -4*t - b = -130. Let g(a) = 4*a**2 + 3*a - 5. Let f be -2*(4 + -7)/3. Calculate the remainder when t is divided by g(f).
15
What is the remainder when 46 is divided by (-4)/(-8)*(1 - -11)?
4
Let f(r) be the first derivative of 19/2*r**2 - 4 + 7*r + 1/3*r**3. What is the remainder when 11 is divided by f(-19)?
4
What is the remainder when 868/(-21)*(-6)/4 is divided by -66*((-2)/(-8) - (-3)/(-4))?
29
Suppose s - 79 = -2*k, -5*k + 3*s = -2*s - 235. Let h = k - 30. What is the remainder when 22 is divided by h?
10
Suppose 1113 = 6*m + 147. Calculate the remainder when m is divided by 44.
29
Suppose -z + 4*f = -5*z + 68, 0 = 5*z - 3*f - 125. Suppose 0 = o - 0*o - z. Calculate the remainder when 29 is divided by 2/11 - (-326)/o.
14
Let n be 398/6 + 8/(-24). Suppose -3*x + 73 = -4*s, 0 = 4*x + 5*s - n - 21. Calculate the remainder when 90 is divided by x.
21
Suppose i + 3*i - 140 = 0. Let v = i + -36. Let m(d) = 2*d + 4. What is the remainder when 7 is divided by m(v)?
1
Let w(n) = 26*n**2 - n. Let k = 11 - -59. Suppose -l - 4*l = -k. What is the remainder when w(-1) is divided by l?
13
Let i = 13 + 0. Calculate the remainder when (-62)/(-13 - (-315)/25) is divided by i.
12
Suppose -4*c + 3*c + 8 = l, 30 = 5*c - 5*l. Calculate the remainder when 33 + -2 + (1 - 0) is divided by c.
4
Let p = 39 - 28. Let z(h) be the second derivative of -h**5/20 + 2*h**4/3 - h**3/6 + 4*h. What is the remainder when z(7) is divided by p?
9
Suppose -2*x + 50 = v + v, 3*x + v - 83 = 0. Let r = 38 - 28. Calculate the remainder when x is divided by r.
9
Let p be 13*(-3)/(0 - -3). Let m = -5 - p. What is the remainder when m is divided by 4?
0
Let w(g) = -g**3 - 8*g**2 + 3*g + 12. Let o be w(-8). Let t(n) = -n**2 - 11*n + 15. Calculate the remainder when 7 is divided by t(o).
1
Suppose -605 = -38*k + 3423. What is the remainder when k is divided by 54?
52
Suppose 4*q - 4*a - 480 = -0*q, -2 = -a. What is the remainder when q is divided by 35?
17
Suppose 3*n = n - 204. Let d = n - -148. Suppose -5*p + 48 = -p. Calculate the remainder when d is divided by p.
10
Let r(h) = 15 - 13 + 5*h**2 + 7*h**2 - 6*h. What is the remainder when r(2) is divided by 13?
12
Let u(b) = -2*b**3 - 3*b**2 + 2. Let i = -6 - -4. Calculate the remainder when u(i) is divided by 4.
2
Let k = 12 - 18. Let s(t) = -2*t**2 - 13*t - 7. Let r be s(k). What is the remainder when ((-3)/(12/164))/r is divided by 7?
6
Suppose -2*d = 2*d. Let b = d + 3. Suppose 0 = b*c + 2*c - 35. What is the remainder when c is divided by 2?
1
Let j(v) = 14*v**2 - 21*v + 38. Calculate the remainder when j(6) is divided by 22.
20
Let t = 23 - 119. Let c = -44 - t. Calculate the remainder when c is divided by 18.
16
Suppose -x + 3 = -4*o, -o - 2 = -2*o. What is the remainder when 227 is divided by x?
7
Calculate the remainder when 18 + -27 + (-4 - -144) is divided by 42.
5
Let v = -283 + 293. Calculate the remainder when v is divided by 4.
2
Suppose 4*m - 604 = -3*b, -2*b - b = -5*m + 755. Calculate the remainder when m is divided by 46.
13
Let i(z) be the third derivative of z**5/60 - 7*z**4/12 - z**3/6 - 7*z**2. Let t be i(14). What is the remainder when 4 is divided by 2 + (t - -2) - 0?
1
Let r = 377 + -269. Suppose -3*i - 42 + r = 0. Calculate the remainder when 85 is divided by i.
19
Let s(l) = -2*l + l + 2*l + 2 - 4*l. Let z be s(4). What is the remainder when 570/14 + z/(-35) is divided by 15?
11
Let q be 1 + 4 + -9 + -112. Let x = q + 135. What is the remainder when 54 is divided by x?
16
Let f(i) be the second derivative of 61*i**4/12 - i**3/6 - 6*i - 3. Calculate the remainder when f(1) is divided by 23.
14
What is the remainder when 355 is divided by 9*(88/(-33) + 10)?
25
Let l(u) = -u**3 +